{"id":868,"date":"2025-10-07T17:39:21","date_gmt":"2025-10-07T20:39:21","guid":{"rendered":"https:\/\/mapasocialmt.org.br\/site\/?page_id=868"},"modified":"2025-11-14T09:18:31","modified_gmt":"2025-11-14T12:18:31","slug":"povos-pantaneiros","status":"publish","type":"page","link":"https:\/\/mapasocialmt.org.br\/site\/povos-pantaneiros\/","title":{"rendered":"Povos Pantaneiros &#8211; Mapa Social MT"},"content":{"rendered":"\t\t<div data-elementor-type=\"wp-page\" data-elementor-id=\"868\" class=\"elementor elementor-868\" data-elementor-post-type=\"page\">\n\t\t\t\t<div class=\"elementor-element elementor-element-9367e00 e-flex e-con-boxed e-con e-parent\" data-id=\"9367e00\" data-element_type=\"container\" data-e-type=\"container\">\n\t\t\t\t\t<div class=\"e-con-inner\">\n\t\t<div class=\"elementor-element elementor-element-3dbb187 e-con-full e-flex e-con e-child\" data-id=\"3dbb187\" data-element_type=\"container\" data-e-type=\"container\">\n\t\t\t\t<div class=\"elementor-element elementor-element-314b1d3 elementor-icon-list--layout-traditional elementor-list-item-link-full_width elementor-widget elementor-widget-icon-list\" data-id=\"314b1d3\" data-element_type=\"widget\" data-e-type=\"widget\" data-widget_type=\"icon-list.default\">\n\t\t\t\t\t\t\t<ul class=\"elementor-icon-list-items\">\n\t\t\t\t\t\t\t<li class=\"elementor-icon-list-item\">\n\t\t\t\t\t\t\t\t\t\t\t<span class=\"elementor-icon-list-icon\">\n\t\t\t\t\t\t\t<svg xmlns=\"http:\/\/www.w3.org\/2000\/svg\" width=\"120\" height=\"120\" viewBox=\"0 0 120 120\" fill=\"none\"><g clip-path=\"url(#clip0_272_2287)\"><rect y=\"-0.0839844\" width=\"120\" height=\"120\" rx=\"9.64286\" fill=\"#0081B1\"><\/rect><path d=\"M72.4862 48.5717C74.081 49.0014 76.66 52.7972 77.8661 53.543C79.0721 54.2888 85.2943 53.2047 88.8102 59.8281C90.8386 59.5737 96.5424 59.349 97.6563 64.75C98.7726 70.151 94.3944 78.4636 93.916 80.748C93.4401 83.0299 95.3538 87.7789 93.8512 91.913C93.5547 90.0337 92.2789 88.8828 92.2789 88.8828C92.2789 88.8828 91.5513 93.4911 90.704 94.553C90.6791 93.1083 89.0644 90.8955 89.0644 90.8955C89.0644 90.8955 87.5593 93.7553 86.1191 94.4221C86.2586 92.7947 86.0742 89.2483 86.0742 89.2483C86.0742 89.2483 85.207 90.74 84.1555 91.5969C83.1064 92.4563 79.6652 98.2845 79.2291 98.5537C78.7955 98.8254 77.3129 97.9215 77.3129 97.9215L76.4931 99.9095H71.2029L71.5667 98.5537H67.4652C67.4652 98.5537 68.3099 97.2671 68.8332 96.3854C69.3565 95.5063 71.5044 94.8987 72.5086 94.4913C73.5129 94.0838 79.4359 87.369 79.3213 86.0823C79.2067 84.7957 73.3733 75.6211 70.7494 74.7839C69.5184 74.3913 62.8478 74.8704 56.3665 74.3542C49.0306 73.7714 41.8366 72.218 41.2087 72.2526C40.0226 72.3193 32.6766 77.6906 33.0031 79.3922C33.327 81.0937 34.6003 87.6382 34.6452 88.7914C34.69 89.9472 36.7408 90.8733 36.7408 90.8733L35.0987 95.8446C35.0987 95.8446 33.4092 95.1778 33.0928 94.5777C32.7763 93.9776 30.4963 89.6509 29.7188 88.0679C28.9439 86.4873 28.1614 78.8588 28.6897 76.809C29.218 74.7592 34.6452 69.2027 34.7349 68.1852C34.8271 67.1677 32.4548 62.4903 32.2729 60.8653C32.0885 59.2379 34.0745 59.4009 34.0048 58.0648C33.9375 56.7263 33.4591 47.3987 33.4591 47.3987C33.4591 47.3987 32.7738 47.8901 32.2729 48.3939C31.2015 49.4781 31.9839 51.7896 31.8319 52.938C31.6774 54.0863 27.8724 55.941 27.075 55.8941C26.2751 55.8471 23.6861 53.2491 23.701 52.2786C23.716 51.308 23.8605 42.8349 23.701 41.8866C23.5415 40.9358 21.7723 40.1504 22.2408 39.3528C22.7093 38.5575 25.4329 33.932 25.4329 33.932L24.613 29.8646L29.4472 32.0329C29.4472 32.0329 36.8106 30.361 42.2129 33.8382C46.5138 36.609 48.9159 39.8072 49.7357 42.3558C50.0995 43.4893 51.176 42.7633 52.1728 42.3632C52.7957 42.1138 52.2076 41.1333 52.7459 40.5925C53.2866 40.0516 54.9561 39.9504 55.163 39.3503C55.913 37.1894 58.1482 30.7635 58.1482 30.7635C58.1482 30.7635 57.6 30.4919 56.8499 30.0177C56.0974 29.5435 57.1539 25.1082 56.2569 24.8884C55.3598 24.6686 49.1203 23.2634 49.6012 21.9965C49.9152 21.1642 52.6337 22.0854 54.6621 22.6287C55.7162 22.9127 56.8051 22.9004 56.8051 22.9004C56.8051 22.9004 58.0136 19.8504 59.723 19.9171C61.4324 19.9838 64.009 21.9965 64.009 21.9965C64.009 21.9965 69.0251 21.2976 68.751 23.8956C68.4768 26.4936 63.4608 27.0591 63.4608 27.0591C63.4608 27.0591 67.3107 31.534 67.9262 33.3862C68.5416 35.2384 68.0183 44.3463 68.3846 45.586C68.7485 46.8282 67.8364 48.8384 67.8364 48.8384C67.8364 48.8384 70.8914 48.1396 72.4862 48.5717Z\" fill=\"white\"><\/path><\/g><defs><clipPath id=\"clip0_272_2287\"><rect width=\"120\" height=\"120\" fill=\"white\"><\/rect><\/clipPath><\/defs><\/svg>\t\t\t\t\t\t<\/span>\n\t\t\t\t\t\t\t\t\t\t<span class=\"elementor-icon-list-text\">Povos Pantaneiros<\/span>\n\t\t\t\t\t\t\t\t\t<\/li>\n\t\t\t\t\t\t<\/ul>\n\t\t\t\t\t\t<\/div>\n\t\t\t\t<div class=\"elementor-element elementor-element-36030c7 elementor-widget-divider--view-line elementor-widget elementor-widget-divider\" data-id=\"36030c7\" data-element_type=\"widget\" data-e-type=\"widget\" data-widget_type=\"divider.default\">\n\t\t\t\t\t\t\t<div class=\"elementor-divider\">\n\t\t\t<span class=\"elementor-divider-separator\">\n\t\t\t\t\t\t<\/span>\n\t\t<\/div>\n\t\t\t\t\t\t<\/div>\n\t\t\t\t<div class=\"elementor-element elementor-element-6abe76d elementor-widget elementor-widget-text-editor\" data-id=\"6abe76d\" data-element_type=\"widget\" data-e-type=\"widget\" data-widget_type=\"text-editor.default\">\n\t\t\t\t\t\t\t\t\t<p>Como parte da Bacia do Alto Paraguai (BAP), a plan\u00edcie pantaneira cobre uma \u00e1rea de quase 210 mil km2 que \u00e9 compartilhada pelo Brasil (140 mil km2 nos Estados do MT e Mato Grosso do Sul), pelo Paraguai e pela Bol\u00edvia (70 mil km2). Portanto, um ecossistema variado (florestas, cerrados, rios, corixos, ba\u00edas e lagoas) que traz uma rica vegeta\u00e7\u00e3o, com enormes concentra\u00e7\u00f5es faun\u00edsticas, principalmente de aves, de r\u00e9pteis e de peixes. O Pantanal n\u00e3o \u00e9 uniforme e em toda a sua extens\u00e3o \u00e9 poss\u00edvel identificar 12 sub?regi\u00f5es, as quais dependem do solo, da vegeta\u00e7\u00e3o, do relevo e do regime hidrol\u00f3gico.<\/p><p>O Parque Nacional do Pantanal Matogrossense \u00e9 um espa\u00e7o geogr\u00e1fico, considerado um dos maiores ambientes aqu\u00e1ticos do planeta, e sua import\u00e2ncia tem sido reconhecida nacional e internacionalmente. Foi decretado patrim\u00f4nio nacional pela Constitui\u00e7\u00e3o de 1988 e, no ano 2000, foi reconhecido como reserva da biosfera e patrim\u00f4nio da humanidade pela Organiza\u00e7\u00e3o das Na\u00e7\u00f5es Unidas para a educa\u00e7\u00e3o, a ci\u00eancia e a cultura (UNESCO). Al\u00e9m disso, o Parque Nacional do Pantanal Matogrossense e, mais recentemente, a Reserva Particular do Patrim\u00f4nio Natural (RPPN) Est\u00e2ncia Ecol\u00f3gica SESC Pantanal receberam o t\u00edtulo de S\u00edtios Ramsar.<\/p><p>Seguindo os fluxos das \u00e1guas, o Pantanal \u00e9 um espa\u00e7o em constante movimento, tendo sua paisagem alterada entre \u00e9pocas de seca e de cheia. Entrela\u00e7ados com a beleza das diversidades biol\u00f3gicas, a regi\u00e3o \u00e9 habitada por um povo que apresenta caracter\u00edsticas peculiares de conv\u00edvio com a din\u00e2mica das \u00e1guas e se autodenominam de povos pantaneiros. Estes povos revelam saberes locais e trazem as mais variadas contribui\u00e7\u00f5es culturais ? comidas, dan\u00e7as, hist\u00f3rias, lendas, sotaques e tantas outras express\u00f5es que n\u00e3o poder\u00edamos citar todas por sua abrang\u00eancia. Todas as comemora\u00e7\u00f5es festivas relacionam?se com as religi\u00f5es e h\u00e1 santu\u00e1rios em quase todas as casas, algumas vezes no sincretismo religioso (SATO et al., 2001).<\/p><p>Nos semin\u00e1rios de mapeamento, algumas comunidades localizadas nos Pantanais de MT, foram citadas de acordo com os munic\u00edpios, s\u00e3o elas:<\/p><p>Em Santo Ant\u00f4nio do Leverger: Pedra Branca, Bocaininha, Morro Grande, Barreirinho, Vereda, Praia do Po\u00e7o, Barranco Alto, Barra do Aric\u00e1, Porto de Fora, Quilombo e Mimoso. Algumas destas comunidades est\u00e3o localizadas \u00e0s margens do rio Cuiab\u00e1 e mant\u00e9m caracter\u00edsticas de comunidades ribeirinhas. Dentre estes, h\u00e1 os que se identificam como mimoseanos, s\u00e3o moradores da Comunidade de Mimoso, com forte identidade pantaneira e com influ\u00eancia da vida do Marechal Rondon, terra onde ele nasceu e cresceu. A escola localizada no centro da comunidade recebe o nome da m\u00e3e de Rondon [Escola Santa Claudina] (SATO, 2002);<\/p><p>Em Bar\u00e3o de Melga\u00e7o: Grande Chacoror\u00e9, Praia do boi, Barranqueira, Cap\u00e3o, Estir\u00e3o Comprido, Buritizal, Conchas, Po\u00e7o General, Porto Brand\u00e3o, Cuiab\u00e1 Mirim, Vila Nova, Porto Emiliano, Porto S\u00e3o Jo\u00e3o, Croar\u00e1, Santa Maria, Tamaraidar\u00e9, Pi\u00fava, Porto Quilombo, Mocambo, Pimenteira, Retiro S\u00e3o Bento, Col\u00f4nia Santa Isabel, Capoeirinha, Lagoa do Algod\u00e3o e S\u00e3o Pedro de Josel\u00e2ndia. O complexo de S\u00e3o Pedro de Josel\u00e2ndia est\u00e1 situado entre dois dos maiores rios formadores do Pantanal de Bar\u00e3o de Melga\u00e7o, o rio Cuiab\u00e1 e o rio S\u00e3o Louren\u00e7o. Conta com as seguintes comunidades: a sede S\u00e3o Pedro, Mocambo, Pimenteira, Retiro S\u00e3o Bento, Col\u00f4nia Santa Isabel, Capoeirinha e Lagoa do Algod\u00e3o. Em seu entorno est\u00e1 localizada a RPPN SESC Pantanal;<\/p><p>Em Nossa Senhora do Livramento: A comunidade de Pirizal est\u00e1 situada \u00e0 margem direita do rio Cuiab\u00e1 e a margem esquerda do rio Bento Gomes em uma regi\u00e3o conhecida como Pantanal do Cuiab\u00e1 ? Bento Gomes ? Paraguaizinho, sendo denominado localmente como Pantanal de Pocon\u00e9;<\/p><p>\u00a0Em Pocon\u00e9: Comunidade Campina II, Campina da Pedra, Mundo Novo, Piuval, Figueira, Imb\u00e9, Barreirinho, Sete Porcos, Z\u00e9 Alves, Rodeio, Assentamento Furna I e Furna II, Minador, Assentamento Baia do Campo, Baia do Potreiro, Chafariz, Cap\u00e3o Verde, Bandeira, S\u00e3o Benedito, Varzearia, Carret\u00e3o, Sangradouro, Maravilha e Morro Cortado. Algumas destas comunidades est\u00e3o vinculadas a Cooperativa Mista dos Produtores Rurais de Pocon\u00e9 (COMPRUP) que, por meio do agroextrativismo e da agricultura familiar, v\u00eam trabalhando com a coleta e beneficiamento do baru (Dipteryx alata), conhecido tamb\u00e9m como cumbaru. Al\u00e9m do baru, a COMPRUP trabalha com a produ\u00e7\u00e3o de a\u00e7\u00facar mascavo, rapadura de mam\u00e3o, farinha de mandioca, pinga de alambique, banana frita e balinha de banana produzida e embalada artesanalmente;<\/p><p>\u00a0Em C\u00e1ceres: Comunidade das On\u00e7as, Senhora dos Milagres, Monjolo, C\u00f3rrego Formiga, Vila Aparecida, Paiol, Flechas, Nova Flexas, Vinh\u00e1tico, Sadia, Mata Comprida, Ip\u00ea roxo, Laranjinha, Porto Lim\u00e3o, Cerrad\u00e3o, Corixinha, Laranjeira I e II, Padre In\u00e1cio, S\u00e3o Roque, S\u00e3o Crist\u00f3v\u00e3o, Ro\u00e7a Velha, Trindade, Baia Velha, Assentamento Sapiqu\u00e1, Rancho da Saudade, Nova Esperan\u00e7a, Jatob\u00e1, Bom Sucesso, Catira, S\u00e3o Francisco, Santa Luzia, Limoeiro, Beranqueira, Flor da Mata, \u00c1gua Boa, Soteco, Santana, S\u00e3o Sebasti\u00e3o, \u00c1gua Branca, Guanandy, Exu e Vila Aparecida. No trabalho com estas comunidades, devemos ressaltar a atua\u00e7\u00e3o do FLEC que \u00e9 um importante articulador na defesa dos pantanais de C\u00e1ceres, especialmente, a atua\u00e7\u00e3o do Padre Salom\u00e3o na milit\u00e2ncia socioambiental. H\u00e1 mais de 10 anos, este grupo vem realizando, anualmente, importantes articula\u00e7\u00f5es na defesa do Rio Paraguai, alertando pela expans\u00e3o da pecu\u00e1ria e da agricultura, a implanta\u00e7\u00e3o de PCH, resistindo \u00e0 implanta\u00e7\u00e3o da hidrovia Paran\u00e1?Paraguai e, denunciando a precariedade na falta de saneamento b\u00e1sico que poluem os rios no planalto.<\/p><p>O modelo de desenvolvimento adotado tem proporcionado graves problemas ao ecossistema pantaneiro e seus povos, principalmente, os impactos e press\u00f5es relativos \u00e0s atividades econ\u00f4micas da agropecu\u00e1ria, a instala\u00e7\u00e3o de ind\u00fastrias e as atividades mineradoras. O desmatamento na regi\u00e3o, al\u00e9m de contribuir para uma maior eros\u00e3o e pelo assoreamento dos rios, elimina a fonte de alimenta\u00e7\u00e3o dos animais e das popula\u00e7\u00f5es que ali habitam. Como se n\u00e3o bastasse, ainda temos o impacto causado pelo turismo desordenado, somados \u00e0s consequentes atividades de pesca e ca\u00e7a predat\u00f3ria (DIEGUES, 2002).<\/p><p>A gest\u00e3o ambiental dos territ\u00f3rios pantaneiros deve compreender a complexidade que envolve este ecossistema e, reconhecer a interdepend\u00eancia direta da plan\u00edcie com as \u00e1reas que est\u00e3o no planalto. Neste caso em toda a BAP, pois, \u00e9 imposs\u00edvel garantir a sustentabilidade do Pantanal sem a compreens\u00e3o dos impactos socioambientais que est\u00e3o em seu entorno. Como exemplo, a polui\u00e7\u00e3o h\u00eddrica causada pelos agrot\u00f3xicos, os esgotos sanit\u00e1rios e os industriais vindos do planalto revelam?se como problemas a ser solucionados.<\/p><p>Estas amea\u00e7as demandam a urgente necessidade de um conhecimento detalhado da ecologia e de esfor\u00e7os das pol\u00edticas socioambientais para assegurar a preserva\u00e7\u00e3o deste ecossistema e, de igual modo, as pol\u00edticas p\u00fablicas devem ser constru\u00eddas visando \u00e0 inclus\u00e3o da defesa das diferentes culturas que, assegure o direito \u00e0 manuten\u00e7\u00e3o dos h\u00e1bitos e dos costumes das popula\u00e7\u00f5es pantaneiras.<\/p>\t\t\t\t\t\t\t\t<\/div>\n\t\t\t\t<\/div>\n\t\t<div class=\"elementor-element elementor-element-c3531ae e-con-full e-flex e-con e-child\" data-id=\"c3531ae\" data-element_type=\"container\" data-e-type=\"container\">\n\t\t\t\t<div class=\"elementor-element elementor-element-4a503f0 elementor-widget elementor-widget-image\" data-id=\"4a503f0\" data-element_type=\"widget\" data-e-type=\"widget\" data-widget_type=\"image.default\">\n\t\t\t\t\t\t\t\t\t\t\t\t\t\t\t\t<a href=\"https:\/\/mapasocialmt.org.br\/mapa\/#grupo=pantaneiros\" target=\"_blank\">\n\t\t\t\t\t\t\t<img fetchpriority=\"high\" decoding=\"async\" width=\"728\" height=\"651\" src=\"https:\/\/mapasocialmt.org.br\/site\/wp-content\/uploads\/2025\/10\/Povos-Pantaneiros.jpg\" class=\"attachment-full size-full wp-image-873\" alt=\"\" srcset=\"https:\/\/mapasocialmt.org.br\/site\/wp-content\/uploads\/2025\/10\/Povos-Pantaneiros.jpg 728w, https:\/\/mapasocialmt.org.br\/site\/wp-content\/uploads\/2025\/10\/Povos-Pantaneiros-300x268.jpg 300w\" sizes=\"(max-width: 728px) 100vw, 728px\" \/>\t\t\t\t\t\t\t\t<\/a>\n\t\t\t\t\t\t\t\t\t\t\t\t\t\t\t<\/div>\n\t\t\t\t<div class=\"elementor-element elementor-element-9de1722 elementor-widget elementor-widget-button\" data-id=\"9de1722\" data-element_type=\"widget\" data-e-type=\"widget\" data-widget_type=\"button.default\">\n\t\t\t\t\t\t\t\t\t\t<a class=\"elementor-button elementor-button-link elementor-size-sm\" href=\"https:\/\/mapasocialmt.org.br\/mapa\/#grupo=pantaneiros\" target=\"_blank\">\n\t\t\t\t\t\t<span class=\"elementor-button-content-wrapper\">\n\t\t\t\t\t\t\t\t\t<span class=\"elementor-button-text\">Mapa completo<\/span>\n\t\t\t\t\t<\/span>\n\t\t\t\t\t<\/a>\n\t\t\t\t\t\t\t\t<\/div>\n\t\t\t\t<div class=\"elementor-element elementor-element-51aa130 elementor-widget elementor-widget-text-editor\" data-id=\"51aa130\" data-element_type=\"widget\" data-e-type=\"widget\" data-widget_type=\"text-editor.default\">\n\t\t\t\t\t\t\t\t\t<p>Refer\u00eancia: SILVA, Regina Aparecida da. Do invis\u00edvel ao vis\u00edvel: o mapeamento dos grupos sociais do estado de Mato Grosso &#8211; Brasil. S\u00e3o Carlos: UFscar, 2011.<br \/><br \/><\/p>\t\t\t\t\t\t\t\t<\/div>\n\t\t\t\t<\/div>\n\t\t\t\t\t<\/div>\n\t\t\t\t<\/div>\n\t\t\t\t<\/div>\n\t\t","protected":false},"excerpt":{"rendered":"<p>Povos Pantaneiros Como parte da Bacia do Alto Paraguai (BAP), a plan\u00edcie pantaneira cobre uma \u00e1rea de quase 210 mil km2 que \u00e9 compartilhada pelo Brasil (140 mil km2 nos Estados do MT e Mato Grosso do Sul), pelo Paraguai e pela Bol\u00edvia (70 mil km2). Portanto, um ecossistema variado (florestas, cerrados, rios, corixos, ba\u00edas [&hellip;]<\/p>\n","protected":false},"author":1,"featured_media":0,"parent":0,"menu_order":0,"comment_status":"closed","ping_status":"closed","template":"elementor_header_footer","meta":{"footnotes":""},"class_list":["post-868","page","type-page","status-publish","hentry"],"yoast_head":"<!-- This site is optimized with the Yoast SEO plugin v27.5 - https:\/\/yoast.com\/product\/yoast-seo-wordpress\/ -->\n<title>Povos Pantaneiros - Mapa Social MT<\/title>\n<meta name=\"robots\" content=\"index, follow, max-snippet:-1, max-image-preview:large, max-video-preview:-1\" \/>\n<link rel=\"canonical\" href=\"https:\/\/mapasocialmt.org.br\/site\/povos-pantaneiros\/\" \/>\n<meta property=\"og:locale\" content=\"pt_BR\" \/>\n<meta property=\"og:type\" content=\"article\" \/>\n<meta property=\"og:title\" content=\"Povos Pantaneiros - Mapa Social MT\" \/>\n<meta property=\"og:description\" content=\"Povos Pantaneiros Como parte da Bacia do Alto Paraguai (BAP), a plan\u00edcie pantaneira cobre uma \u00e1rea de quase 210 mil km2 que \u00e9 compartilhada pelo Brasil (140 mil km2 nos Estados do MT e Mato Grosso do Sul), pelo Paraguai e pela Bol\u00edvia (70 mil km2). Portanto, um ecossistema variado (florestas, cerrados, rios, corixos, ba\u00edas [&hellip;]\" \/>\n<meta property=\"og:url\" content=\"https:\/\/mapasocialmt.org.br\/site\/povos-pantaneiros\/\" \/>\n<meta property=\"og:site_name\" content=\"Mapa Social MT\" \/>\n<meta property=\"article:modified_time\" content=\"2025-11-14T12:18:31+00:00\" \/>\n<meta property=\"og:image\" content=\"https:\/\/mapasocialmt.org.br\/site\/wp-content\/uploads\/2025\/10\/Povos-Pantaneiros.jpg\" \/>\n<meta name=\"twitter:card\" content=\"summary_large_image\" \/>\n<meta name=\"twitter:label1\" content=\"Est. tempo de leitura\" \/>\n\t<meta name=\"twitter:data1\" content=\"7 minutos\" \/>\n<script type=\"application\/ld+json\" class=\"yoast-schema-graph\">{\"@context\":\"https:\\\/\\\/schema.org\",\"@graph\":[{\"@type\":\"WebPage\",\"@id\":\"https:\\\/\\\/mapasocialmt.org.br\\\/site\\\/povos-pantaneiros\\\/\",\"url\":\"https:\\\/\\\/mapasocialmt.org.br\\\/site\\\/povos-pantaneiros\\\/\",\"name\":\"Povos Pantaneiros - Mapa Social MT\",\"isPartOf\":{\"@id\":\"https:\\\/\\\/mapasocialmt.org.br\\\/site\\\/#website\"},\"primaryImageOfPage\":{\"@id\":\"https:\\\/\\\/mapasocialmt.org.br\\\/site\\\/povos-pantaneiros\\\/#primaryimage\"},\"image\":{\"@id\":\"https:\\\/\\\/mapasocialmt.org.br\\\/site\\\/povos-pantaneiros\\\/#primaryimage\"},\"thumbnailUrl\":\"https:\\\/\\\/mapasocialmt.org.br\\\/site\\\/wp-content\\\/uploads\\\/2025\\\/10\\\/Povos-Pantaneiros.jpg\",\"datePublished\":\"2025-10-07T20:39:21+00:00\",\"dateModified\":\"2025-11-14T12:18:31+00:00\",\"breadcrumb\":{\"@id\":\"https:\\\/\\\/mapasocialmt.org.br\\\/site\\\/povos-pantaneiros\\\/#breadcrumb\"},\"inLanguage\":\"pt-BR\",\"potentialAction\":[{\"@type\":\"ReadAction\",\"target\":[\"https:\\\/\\\/mapasocialmt.org.br\\\/site\\\/povos-pantaneiros\\\/\"]}]},{\"@type\":\"ImageObject\",\"inLanguage\":\"pt-BR\",\"@id\":\"https:\\\/\\\/mapasocialmt.org.br\\\/site\\\/povos-pantaneiros\\\/#primaryimage\",\"url\":\"https:\\\/\\\/mapasocialmt.org.br\\\/site\\\/wp-content\\\/uploads\\\/2025\\\/10\\\/Povos-Pantaneiros.jpg\",\"contentUrl\":\"https:\\\/\\\/mapasocialmt.org.br\\\/site\\\/wp-content\\\/uploads\\\/2025\\\/10\\\/Povos-Pantaneiros.jpg\",\"width\":728,\"height\":651},{\"@type\":\"BreadcrumbList\",\"@id\":\"https:\\\/\\\/mapasocialmt.org.br\\\/site\\\/povos-pantaneiros\\\/#breadcrumb\",\"itemListElement\":[{\"@type\":\"ListItem\",\"position\":1,\"name\":\"In\u00edcio\",\"item\":\"https:\\\/\\\/mapasocialmt.org.br\\\/site\\\/\"},{\"@type\":\"ListItem\",\"position\":2,\"name\":\"Povos Pantaneiros &#8211; Mapa Social MT\"}]},{\"@type\":\"WebSite\",\"@id\":\"https:\\\/\\\/mapasocialmt.org.br\\\/site\\\/#website\",\"url\":\"https:\\\/\\\/mapasocialmt.org.br\\\/site\\\/\",\"name\":\"Mapa Social MT\",\"description\":\"\",\"publisher\":{\"@id\":\"https:\\\/\\\/mapasocialmt.org.br\\\/site\\\/#organization\"},\"potentialAction\":[{\"@type\":\"SearchAction\",\"target\":{\"@type\":\"EntryPoint\",\"urlTemplate\":\"https:\\\/\\\/mapasocialmt.org.br\\\/site\\\/?s={search_term_string}\"},\"query-input\":{\"@type\":\"PropertyValueSpecification\",\"valueRequired\":true,\"valueName\":\"search_term_string\"}}],\"inLanguage\":\"pt-BR\"},{\"@type\":\"Organization\",\"@id\":\"https:\\\/\\\/mapasocialmt.org.br\\\/site\\\/#organization\",\"name\":\"Mapa Social MT\",\"url\":\"https:\\\/\\\/mapasocialmt.org.br\\\/site\\\/\",\"logo\":{\"@type\":\"ImageObject\",\"inLanguage\":\"pt-BR\",\"@id\":\"https:\\\/\\\/mapasocialmt.org.br\\\/site\\\/#\\\/schema\\\/logo\\\/image\\\/\",\"url\":\"https:\\\/\\\/mapasocialmt.org.br\\\/site\\\/wp-content\\\/uploads\\\/2025\\\/10\\\/MapaSocial.jpg\",\"contentUrl\":\"https:\\\/\\\/mapasocialmt.org.br\\\/site\\\/wp-content\\\/uploads\\\/2025\\\/10\\\/MapaSocial.jpg\",\"width\":512,\"height\":512,\"caption\":\"Mapa Social MT\"},\"image\":{\"@id\":\"https:\\\/\\\/mapasocialmt.org.br\\\/site\\\/#\\\/schema\\\/logo\\\/image\\\/\"}}]}<\/script>\n<!-- \/ Yoast SEO plugin. -->","yoast_head_json":{"title":"Povos Pantaneiros - Mapa Social MT","robots":{"index":"index","follow":"follow","max-snippet":"max-snippet:-1","max-image-preview":"max-image-preview:large","max-video-preview":"max-video-preview:-1"},"canonical":"https:\/\/mapasocialmt.org.br\/site\/povos-pantaneiros\/","og_locale":"pt_BR","og_type":"article","og_title":"Povos Pantaneiros - Mapa Social MT","og_description":"Povos Pantaneiros Como parte da Bacia do Alto Paraguai (BAP), a plan\u00edcie pantaneira cobre uma \u00e1rea de quase 210 mil km2 que \u00e9 compartilhada pelo Brasil (140 mil km2 nos Estados do MT e Mato Grosso do Sul), pelo Paraguai e pela Bol\u00edvia (70 mil km2). Portanto, um ecossistema variado (florestas, cerrados, rios, corixos, ba\u00edas [&hellip;]","og_url":"https:\/\/mapasocialmt.org.br\/site\/povos-pantaneiros\/","og_site_name":"Mapa Social MT","article_modified_time":"2025-11-14T12:18:31+00:00","og_image":[{"url":"https:\/\/mapasocialmt.org.br\/site\/wp-content\/uploads\/2025\/10\/Povos-Pantaneiros.jpg","type":"","width":"","height":""}],"twitter_card":"summary_large_image","twitter_misc":{"Est. tempo de leitura":"7 minutos"},"schema":{"@context":"https:\/\/schema.org","@graph":[{"@type":"WebPage","@id":"https:\/\/mapasocialmt.org.br\/site\/povos-pantaneiros\/","url":"https:\/\/mapasocialmt.org.br\/site\/povos-pantaneiros\/","name":"Povos Pantaneiros - Mapa Social MT","isPartOf":{"@id":"https:\/\/mapasocialmt.org.br\/site\/#website"},"primaryImageOfPage":{"@id":"https:\/\/mapasocialmt.org.br\/site\/povos-pantaneiros\/#primaryimage"},"image":{"@id":"https:\/\/mapasocialmt.org.br\/site\/povos-pantaneiros\/#primaryimage"},"thumbnailUrl":"https:\/\/mapasocialmt.org.br\/site\/wp-content\/uploads\/2025\/10\/Povos-Pantaneiros.jpg","datePublished":"2025-10-07T20:39:21+00:00","dateModified":"2025-11-14T12:18:31+00:00","breadcrumb":{"@id":"https:\/\/mapasocialmt.org.br\/site\/povos-pantaneiros\/#breadcrumb"},"inLanguage":"pt-BR","potentialAction":[{"@type":"ReadAction","target":["https:\/\/mapasocialmt.org.br\/site\/povos-pantaneiros\/"]}]},{"@type":"ImageObject","inLanguage":"pt-BR","@id":"https:\/\/mapasocialmt.org.br\/site\/povos-pantaneiros\/#primaryimage","url":"https:\/\/mapasocialmt.org.br\/site\/wp-content\/uploads\/2025\/10\/Povos-Pantaneiros.jpg","contentUrl":"https:\/\/mapasocialmt.org.br\/site\/wp-content\/uploads\/2025\/10\/Povos-Pantaneiros.jpg","width":728,"height":651},{"@type":"BreadcrumbList","@id":"https:\/\/mapasocialmt.org.br\/site\/povos-pantaneiros\/#breadcrumb","itemListElement":[{"@type":"ListItem","position":1,"name":"In\u00edcio","item":"https:\/\/mapasocialmt.org.br\/site\/"},{"@type":"ListItem","position":2,"name":"Povos Pantaneiros &#8211; Mapa Social MT"}]},{"@type":"WebSite","@id":"https:\/\/mapasocialmt.org.br\/site\/#website","url":"https:\/\/mapasocialmt.org.br\/site\/","name":"Mapa Social MT","description":"","publisher":{"@id":"https:\/\/mapasocialmt.org.br\/site\/#organization"},"potentialAction":[{"@type":"SearchAction","target":{"@type":"EntryPoint","urlTemplate":"https:\/\/mapasocialmt.org.br\/site\/?s={search_term_string}"},"query-input":{"@type":"PropertyValueSpecification","valueRequired":true,"valueName":"search_term_string"}}],"inLanguage":"pt-BR"},{"@type":"Organization","@id":"https:\/\/mapasocialmt.org.br\/site\/#organization","name":"Mapa Social MT","url":"https:\/\/mapasocialmt.org.br\/site\/","logo":{"@type":"ImageObject","inLanguage":"pt-BR","@id":"https:\/\/mapasocialmt.org.br\/site\/#\/schema\/logo\/image\/","url":"https:\/\/mapasocialmt.org.br\/site\/wp-content\/uploads\/2025\/10\/MapaSocial.jpg","contentUrl":"https:\/\/mapasocialmt.org.br\/site\/wp-content\/uploads\/2025\/10\/MapaSocial.jpg","width":512,"height":512,"caption":"Mapa Social MT"},"image":{"@id":"https:\/\/mapasocialmt.org.br\/site\/#\/schema\/logo\/image\/"}}]}},"_links":{"self":[{"href":"https:\/\/mapasocialmt.org.br\/site\/wp-json\/wp\/v2\/pages\/868","targetHints":{"allow":["GET"]}}],"collection":[{"href":"https:\/\/mapasocialmt.org.br\/site\/wp-json\/wp\/v2\/pages"}],"about":[{"href":"https:\/\/mapasocialmt.org.br\/site\/wp-json\/wp\/v2\/types\/page"}],"author":[{"embeddable":true,"href":"https:\/\/mapasocialmt.org.br\/site\/wp-json\/wp\/v2\/users\/1"}],"replies":[{"embeddable":true,"href":"https:\/\/mapasocialmt.org.br\/site\/wp-json\/wp\/v2\/comments?post=868"}],"version-history":[{"count":10,"href":"https:\/\/mapasocialmt.org.br\/site\/wp-json\/wp\/v2\/pages\/868\/revisions"}],"predecessor-version":[{"id":1344,"href":"https:\/\/mapasocialmt.org.br\/site\/wp-json\/wp\/v2\/pages\/868\/revisions\/1344"}],"wp:attachment":[{"href":"https:\/\/mapasocialmt.org.br\/site\/wp-json\/wp\/v2\/media?parent=868"}],"curies":[{"name":"wp","href":"https:\/\/api.w.org\/{rel}","templated":true}]}}