{"id":841,"date":"2025-10-07T17:21:57","date_gmt":"2025-10-07T20:21:57","guid":{"rendered":"https:\/\/mapasocialmt.org.br\/site\/?page_id=841"},"modified":"2025-11-18T18:08:14","modified_gmt":"2025-11-18T21:08:14","slug":"povos-ciganos","status":"publish","type":"page","link":"https:\/\/mapasocialmt.org.br\/site\/povos-ciganos\/","title":{"rendered":"Povos Ciganos &#8211; Mapa Social MT"},"content":{"rendered":"\t\t<div data-elementor-type=\"wp-page\" data-elementor-id=\"841\" class=\"elementor elementor-841\" data-elementor-post-type=\"page\">\n\t\t\t\t<div class=\"elementor-element elementor-element-a6c28cb e-flex e-con-boxed e-con e-parent\" data-id=\"a6c28cb\" data-element_type=\"container\" data-e-type=\"container\">\n\t\t\t\t\t<div class=\"e-con-inner\">\n\t\t<div class=\"elementor-element elementor-element-57cb923 e-con-full e-flex e-con e-child\" data-id=\"57cb923\" data-element_type=\"container\" data-e-type=\"container\">\n\t\t\t\t<div class=\"elementor-element elementor-element-df3f785 elementor-icon-list--layout-traditional elementor-list-item-link-full_width elementor-widget elementor-widget-icon-list\" data-id=\"df3f785\" data-element_type=\"widget\" data-e-type=\"widget\" data-widget_type=\"icon-list.default\">\n\t\t\t\t\t\t\t<ul class=\"elementor-icon-list-items\">\n\t\t\t\t\t\t\t<li class=\"elementor-icon-list-item\">\n\t\t\t\t\t\t\t\t\t\t\t<span class=\"elementor-icon-list-icon\">\n\t\t\t\t\t\t\t<svg xmlns=\"http:\/\/www.w3.org\/2000\/svg\" width=\"120\" height=\"120\" viewBox=\"0 0 120 120\" fill=\"none\"><g clip-path=\"url(#clip0_269_2270)\"><rect y=\"-0.0839844\" width=\"120\" height=\"120\" rx=\"9.64286\" fill=\"#EA4F35\"><\/rect><path d=\"M60 17.0586C83.6693 17.0587 102.857 36.2467 102.857 59.916C102.857 83.5852 83.6692 102.773 60 102.773C36.3307 102.773 17.1427 83.5853 17.1426 59.916C17.1426 36.2467 36.3307 17.0586 60 17.0586ZM57.6787 70.6836C57.2123 70.6836 57.0451 71.1061 56.834 71.5283L50.5 90.7402C50.2889 91.3734 50.0782 91.8183 50.0781 92.4287C50.0781 94.4108 51.6849 96.0184 53.667 96.0186C55.5788 96.0186 57.1415 94.5233 57.25 92.6387L57.2559 92.6406L58.5176 71.6211C58.5209 71.5906 58.5225 71.5597 58.5225 71.5283C58.5224 71.062 58.145 70.6837 57.6787 70.6836ZM62.7441 70.6836C62.2778 70.6837 61.8994 71.062 61.8994 71.5283C61.8994 71.5597 61.9019 71.5906 61.9053 71.6211L63.166 92.6406L63.1729 92.6387C63.2814 94.5233 64.844 96.0186 66.7559 96.0186C68.7379 96.0184 70.3447 94.4108 70.3447 92.4287C70.3446 91.8183 70.1329 91.3734 69.9219 90.7402L63.5889 71.5283C63.3777 71.1061 63.2105 70.6836 62.7441 70.6836ZM53.8105 69.5908C53.4808 69.2611 52.946 69.2613 52.6162 69.5908C52.5939 69.6131 52.573 69.6371 52.5537 69.6611L38.583 85.415L38.5889 85.4189C37.3332 86.8283 37.3806 88.99 38.7324 90.3418C40.134 91.7434 42.407 91.7434 43.8086 90.3418C44.2404 89.91 44.4055 89.4457 44.7041 88.8486L53.8105 70.7852C53.9598 70.3374 54.1403 69.9205 53.8105 69.5908ZM68.0469 69.5908C67.7172 69.2611 67.1823 69.2613 66.8525 69.5908C66.5228 69.9206 66.7033 70.3374 66.8525 70.7852L75.959 88.8486C76.2575 89.4457 76.4227 89.91 76.8545 90.3418C78.256 91.7431 80.5281 91.743 81.9297 90.3418C83.2816 88.9899 83.3292 86.8283 82.0732 85.4189L82.0791 85.415L68.1084 69.6611C68.0891 69.6371 68.0692 69.6131 68.0469 69.5908ZM50.5654 65.9238C50.2356 65.594 49.8189 65.7745 49.3711 65.9238L31.3076 75.0293C30.7105 75.3278 30.2472 75.494 29.8154 75.9258C28.4138 77.3274 28.4138 79.5994 29.8154 81.001C31.1673 82.3527 33.329 82.4004 34.7383 81.1445L34.7412 81.1504L50.4951 67.1797C50.5191 67.1605 50.5432 67.1404 50.5654 67.1182C50.8951 66.7885 50.895 66.2536 50.5654 65.9238ZM71.292 65.9238C70.8441 65.7745 70.4274 65.594 70.0977 65.9238C69.7679 66.2536 69.7679 66.7884 70.0977 67.1182C70.1198 67.1403 70.1431 67.1606 70.167 67.1797L85.9209 81.1504L85.9248 81.1445C87.3342 82.4005 89.4958 82.3528 90.8477 81.001C92.2492 79.5994 92.2491 77.3274 90.8477 75.9258C90.4159 75.494 89.9516 75.3279 89.3545 75.0293L71.292 65.9238ZM48.2949 61.3994L27.2764 62.6611L27.2783 62.667C25.3937 62.7755 23.8984 64.3382 23.8984 66.25C23.8985 68.2321 25.5052 69.8388 27.4873 69.8389C28.098 69.8389 28.5434 69.6281 29.1768 69.417L48.3877 63.083C48.8099 62.8719 49.2324 62.7047 49.2324 62.2383C49.2323 61.772 48.854 61.3945 48.3877 61.3945C48.3563 61.3946 48.3254 61.3961 48.2949 61.3994ZM72.0342 61.3945C71.5679 61.3945 71.1896 61.772 71.1895 62.2383C71.1895 62.7047 71.6119 62.8719 72.0342 63.083L91.2461 69.417C91.8792 69.628 92.3241 69.8388 92.9346 69.8389C94.9167 69.8389 96.5234 68.2321 96.5234 66.25C96.5234 64.3382 95.0291 62.7756 93.1445 62.667L93.1455 62.6611L72.127 61.3994C72.0965 61.3961 72.0655 61.3945 72.0342 61.3945ZM27.4873 49.5713C25.5053 49.5713 23.8986 51.1782 23.8984 53.1602C23.8984 55.072 25.3937 56.6347 27.2783 56.7432L27.2764 56.75L48.2949 58.0107C48.3254 58.0141 48.3563 58.0166 48.3877 58.0166C48.8541 58.0166 49.2324 57.6382 49.2324 57.1719C49.2324 56.7055 48.8099 56.5383 48.3877 56.3271L29.1768 49.9941C28.5434 49.783 28.098 49.5713 27.4873 49.5713ZM92.9346 49.5713C92.3241 49.5713 91.8793 49.7831 91.2461 49.9941L72.0342 56.3271C71.6119 56.5383 71.1895 56.7055 71.1895 57.1719C71.1895 57.6382 71.5678 58.0166 72.0342 58.0166C72.0655 58.0166 72.0965 58.0141 72.127 58.0107L93.1455 56.75L93.1445 56.7432C95.0291 56.6346 96.5234 55.0719 96.5234 53.1602C96.5232 51.1782 94.9166 49.5713 92.9346 49.5713ZM35.1602 38.5059C33.7509 37.2501 31.5891 37.2978 30.2373 38.6494C28.8357 40.051 28.8357 42.324 30.2373 43.7256C30.6691 44.1573 31.1334 44.3226 31.7305 44.6211L49.793 53.7275C50.2407 53.8768 50.6576 54.057 50.9873 53.7275C51.3171 53.3978 51.3171 52.863 50.9873 52.5332C50.9652 52.5111 50.9418 52.4908 50.918 52.4717L35.1641 38.5L35.1602 38.5059ZM90.4258 38.6494C89.074 37.2977 86.9123 37.2503 85.5029 38.5059L85.499 38.5L69.7451 52.4717C69.7211 52.4909 69.6971 52.5109 69.6748 52.5332C69.3452 52.863 69.3451 53.3978 69.6748 53.7275C70.0046 54.0573 70.4214 53.8768 70.8691 53.7275L88.9326 44.6211C89.5297 44.3225 89.994 44.1574 90.4258 43.7256C91.8273 42.324 91.8273 40.051 90.4258 38.6494ZM44.2305 29.3096C42.8289 27.908 40.5569 27.908 39.1553 29.3096C37.8034 30.6614 37.7558 32.8231 39.0117 34.2324L39.0059 34.2354L52.9766 49.9893C52.9958 50.0132 53.0159 50.0373 53.0381 50.0596C53.3679 50.3894 53.9026 50.3894 54.2324 50.0596C54.5622 49.7298 54.3817 49.3131 54.2324 48.8652L45.126 30.8018C44.8276 30.2049 44.6621 29.7412 44.2305 29.3096ZM81.5078 29.3096C80.1062 27.908 77.8332 27.908 76.4316 29.3096C76.0002 29.7412 75.8346 30.2049 75.5361 30.8018L66.4297 48.8652C66.2804 49.313 66.1003 49.7298 66.4297 50.0596C66.7594 50.3893 67.2942 50.3892 67.624 50.0596C67.6463 50.0373 67.6672 50.0133 67.6865 49.9893L81.6572 34.2354L81.6514 34.2324C82.9073 32.8231 82.8595 30.6615 81.5078 29.3096ZM53.667 23.3926C51.6849 23.3927 50.0781 24.9994 50.0781 26.9814C50.0782 27.5919 50.2889 28.0368 50.5 28.6699L56.834 47.8818C57.0451 48.3041 57.2123 48.7266 57.6787 48.7266C58.145 48.7264 58.5225 48.3481 58.5225 47.8818C58.5225 47.8505 58.5209 47.8195 58.5176 47.7891L57.2559 26.7705L57.25 26.7715C57.1414 24.8869 55.5787 23.3926 53.667 23.3926ZM66.7559 23.3926C64.8441 23.3926 63.2815 24.887 63.1729 26.7715L63.166 26.7705L61.9053 47.7891C61.9019 47.8195 61.8994 47.8505 61.8994 47.8818C61.8994 48.3482 62.2778 48.7265 62.7441 48.7266C63.2105 48.7266 63.3777 48.3041 63.5889 47.8818L69.9219 28.6699C70.133 28.0367 70.3447 27.592 70.3447 26.9814C70.3447 24.9994 68.7379 23.3928 66.7559 23.3926Z\" fill=\"white\"><\/path><\/g><defs><clipPath id=\"clip0_269_2270\"><rect width=\"120\" height=\"120\" fill=\"white\"><\/rect><\/clipPath><\/defs><\/svg>\t\t\t\t\t\t<\/span>\n\t\t\t\t\t\t\t\t\t\t<span class=\"elementor-icon-list-text\">Povos Ciganos<\/span>\n\t\t\t\t\t\t\t\t\t<\/li>\n\t\t\t\t\t\t<\/ul>\n\t\t\t\t\t\t<\/div>\n\t\t\t\t<div class=\"elementor-element elementor-element-4dff458 elementor-widget-divider--view-line elementor-widget elementor-widget-divider\" data-id=\"4dff458\" data-element_type=\"widget\" data-e-type=\"widget\" data-widget_type=\"divider.default\">\n\t\t\t\t\t\t\t<div class=\"elementor-divider\">\n\t\t\t<span class=\"elementor-divider-separator\">\n\t\t\t\t\t\t<\/span>\n\t\t<\/div>\n\t\t\t\t\t\t<\/div>\n\t\t\t\t<div class=\"elementor-element elementor-element-cbccc0b elementor-widget elementor-widget-text-editor\" data-id=\"cbccc0b\" data-element_type=\"widget\" data-e-type=\"widget\" data-widget_type=\"text-editor.default\">\n\t\t\t\t\t\t\t\t\t<p>Os povos ciganos em MT, recentemente, t\u00eam fixado seus territ\u00f3rios, mas ainda identificam-se como andarilhos. Segundo o pesquisador AZEVEDO SILVA (2009), os v\u00e1rios grupos ciganos possuem diferentes conhecimentos, cosmologias, olhares, vis\u00f5es de mundo e ensinamentos milenares. A educa\u00e7\u00e3o cigana ocorre no bojo familiar e \u00e9 tecida por narrativas orais de cunho mitol\u00f3gico. Ao manter tais tradi\u00e7\u00f5es, evidencia-se uma educa\u00e7\u00e3o entrela\u00e7ada ao meio-ambiente. Para eles, registrar os mitos \u00e9 tamb\u00e9m conservar a mem\u00f3ria e a identidade cigana.<\/p><p>Os ciganos, comumente, s\u00e3o vistos como um \u00fanico povo e como uma cultura generalizada, com receio e com desconfian\u00e7a por aqueles que n\u00e3o t\u00eam esta identidade, estes, muitas vezes, os atacam, praticando injusti\u00e7as, emprestando-lhe m\u00e1 fama e a reputa\u00e7\u00e3o de ladr\u00f5es. Todavia, n\u00e3o existe um \u00fanico tipo de cultura cigana, mas sim diversas comunidades (historicamente diferenciadas) chamadas de ciganas, que podem ou n\u00e3o manter rela\u00e7\u00f5es de semelhan\u00e7as ou diferen\u00e7as umas com as outras. Os ciganos Kalon est\u00e3o no pa\u00eds desde o s\u00e9culo XVI e vieram oriundos da Pen\u00ednsula Ib\u00e9rica especialmente Fran\u00e7a, Espanha e Portugal; j\u00e1 os Rom chegaram no s\u00e9culo XIX , vieram dos B\u00e1lc\u00e3s e Europa Central.<\/p><p>Os ciganos em MT s\u00e3o, principalmente, da identidade Kalon, com maior foco nos munic\u00edpios de Alto Gar\u00e7as, Cuiab\u00e1, Guirantinga, Juscimeira, Juara, Pedra Preta, Rondon\u00f3polis, S\u00e3o Jos\u00e9 do Povo, Sinop, Tangar\u00e1 da Serra e V\u00e1rzea Grande. Est\u00e3o em territ\u00f3rio matogrossense a mais de 100 anos.<\/p><p>\u00a0<\/p>\t\t\t\t\t\t\t\t<\/div>\n\t\t\t\t<\/div>\n\t\t<div class=\"elementor-element elementor-element-3c1fe83 e-con-full e-flex e-con e-child\" data-id=\"3c1fe83\" data-element_type=\"container\" data-e-type=\"container\">\n\t\t\t\t<div class=\"elementor-element elementor-element-3a23fc3 elementor-widget elementor-widget-image\" data-id=\"3a23fc3\" data-element_type=\"widget\" data-e-type=\"widget\" data-widget_type=\"image.default\">\n\t\t\t\t\t\t\t\t\t\t\t\t\t\t\t\t<a href=\"https:\/\/mapasocialmt.org.br\/mapa\/#grupo=ciganos\" target=\"_blank\">\n\t\t\t\t\t\t\t<img fetchpriority=\"high\" decoding=\"async\" width=\"735\" height=\"686\" src=\"https:\/\/mapasocialmt.org.br\/site\/wp-content\/uploads\/2025\/10\/Povos-Ciganos.jpg\" class=\"attachment-full size-full wp-image-843\" alt=\"\" srcset=\"https:\/\/mapasocialmt.org.br\/site\/wp-content\/uploads\/2025\/10\/Povos-Ciganos.jpg 735w, https:\/\/mapasocialmt.org.br\/site\/wp-content\/uploads\/2025\/10\/Povos-Ciganos-300x280.jpg 300w\" sizes=\"(max-width: 735px) 100vw, 735px\" \/>\t\t\t\t\t\t\t\t<\/a>\n\t\t\t\t\t\t\t\t\t\t\t\t\t\t\t<\/div>\n\t\t\t\t<div class=\"elementor-element elementor-element-72cd16e elementor-widget elementor-widget-button\" data-id=\"72cd16e\" data-element_type=\"widget\" data-e-type=\"widget\" data-widget_type=\"button.default\">\n\t\t\t\t\t\t\t\t\t\t<a class=\"elementor-button elementor-button-link elementor-size-sm\" href=\"https:\/\/mapasocialmt.org.br\/mapa\/#grupo=ciganos\" target=\"_blank\">\n\t\t\t\t\t\t<span class=\"elementor-button-content-wrapper\">\n\t\t\t\t\t\t\t\t\t<span class=\"elementor-button-text\">Mapa completo<\/span>\n\t\t\t\t\t<\/span>\n\t\t\t\t\t<\/a>\n\t\t\t\t\t\t\t\t<\/div>\n\t\t\t\t<div class=\"elementor-element elementor-element-a57893d elementor-widget elementor-widget-text-editor\" data-id=\"a57893d\" data-element_type=\"widget\" data-e-type=\"widget\" data-widget_type=\"text-editor.default\">\n\t\t\t\t\t\t\t\t\t<p>Refer\u00eancia: SILVA, Regina Aparecida da. Do invis\u00edvel ao vis\u00edvel: o mapeamento dos grupos sociais do estado de Mato Grosso &#8211; Brasil. S\u00e3o Carlos: UFscar, 2011.<br \/><br \/><\/p>\t\t\t\t\t\t\t\t<\/div>\n\t\t\t\t<\/div>\n\t\t\t\t\t<\/div>\n\t\t\t\t<\/div>\n\t\t\t\t<\/div>\n\t\t","protected":false},"excerpt":{"rendered":"<p>Povos Ciganos Os povos ciganos em MT, recentemente, t\u00eam fixado seus territ\u00f3rios, mas ainda identificam-se como andarilhos. Segundo o pesquisador AZEVEDO SILVA (2009), os v\u00e1rios grupos ciganos possuem diferentes conhecimentos, cosmologias, olhares, vis\u00f5es de mundo e ensinamentos milenares. A educa\u00e7\u00e3o cigana ocorre no bojo familiar e \u00e9 tecida por narrativas orais de cunho mitol\u00f3gico. Ao [&hellip;]<\/p>\n","protected":false},"author":1,"featured_media":0,"parent":0,"menu_order":0,"comment_status":"closed","ping_status":"closed","template":"elementor_header_footer","meta":{"footnotes":""},"class_list":["post-841","page","type-page","status-publish","hentry"],"yoast_head":"<!-- This site is optimized with the Yoast SEO plugin v27.5 - https:\/\/yoast.com\/product\/yoast-seo-wordpress\/ -->\n<title>Povos Ciganos - Mapa Social MT<\/title>\n<meta name=\"robots\" content=\"index, follow, max-snippet:-1, max-image-preview:large, max-video-preview:-1\" \/>\n<link rel=\"canonical\" href=\"https:\/\/mapasocialmt.org.br\/site\/povos-ciganos\/\" \/>\n<meta property=\"og:locale\" content=\"pt_BR\" \/>\n<meta property=\"og:type\" content=\"article\" \/>\n<meta property=\"og:title\" content=\"Povos Ciganos - Mapa Social MT\" \/>\n<meta property=\"og:description\" content=\"Povos Ciganos Os povos ciganos em MT, recentemente, t\u00eam fixado seus territ\u00f3rios, mas ainda identificam-se como andarilhos. Segundo o pesquisador AZEVEDO SILVA (2009), os v\u00e1rios grupos ciganos possuem diferentes conhecimentos, cosmologias, olhares, vis\u00f5es de mundo e ensinamentos milenares. A educa\u00e7\u00e3o cigana ocorre no bojo familiar e \u00e9 tecida por narrativas orais de cunho mitol\u00f3gico. Ao [&hellip;]\" \/>\n<meta property=\"og:url\" content=\"https:\/\/mapasocialmt.org.br\/site\/povos-ciganos\/\" \/>\n<meta property=\"og:site_name\" content=\"Mapa Social MT\" \/>\n<meta property=\"article:modified_time\" content=\"2025-11-18T21:08:14+00:00\" \/>\n<meta property=\"og:image\" content=\"https:\/\/mapasocialmt.org.br\/site\/wp-content\/uploads\/2025\/10\/Povos-Ciganos.jpg\" \/>\n<meta name=\"twitter:card\" content=\"summary_large_image\" \/>\n<meta name=\"twitter:label1\" content=\"Est. tempo de leitura\" \/>\n\t<meta name=\"twitter:data1\" content=\"2 minutos\" \/>\n<script type=\"application\/ld+json\" class=\"yoast-schema-graph\">{\"@context\":\"https:\\\/\\\/schema.org\",\"@graph\":[{\"@type\":\"WebPage\",\"@id\":\"https:\\\/\\\/mapasocialmt.org.br\\\/site\\\/povos-ciganos\\\/\",\"url\":\"https:\\\/\\\/mapasocialmt.org.br\\\/site\\\/povos-ciganos\\\/\",\"name\":\"Povos Ciganos - Mapa Social MT\",\"isPartOf\":{\"@id\":\"https:\\\/\\\/mapasocialmt.org.br\\\/site\\\/#website\"},\"primaryImageOfPage\":{\"@id\":\"https:\\\/\\\/mapasocialmt.org.br\\\/site\\\/povos-ciganos\\\/#primaryimage\"},\"image\":{\"@id\":\"https:\\\/\\\/mapasocialmt.org.br\\\/site\\\/povos-ciganos\\\/#primaryimage\"},\"thumbnailUrl\":\"https:\\\/\\\/mapasocialmt.org.br\\\/site\\\/wp-content\\\/uploads\\\/2025\\\/10\\\/Povos-Ciganos.jpg\",\"datePublished\":\"2025-10-07T20:21:57+00:00\",\"dateModified\":\"2025-11-18T21:08:14+00:00\",\"breadcrumb\":{\"@id\":\"https:\\\/\\\/mapasocialmt.org.br\\\/site\\\/povos-ciganos\\\/#breadcrumb\"},\"inLanguage\":\"pt-BR\",\"potentialAction\":[{\"@type\":\"ReadAction\",\"target\":[\"https:\\\/\\\/mapasocialmt.org.br\\\/site\\\/povos-ciganos\\\/\"]}]},{\"@type\":\"ImageObject\",\"inLanguage\":\"pt-BR\",\"@id\":\"https:\\\/\\\/mapasocialmt.org.br\\\/site\\\/povos-ciganos\\\/#primaryimage\",\"url\":\"https:\\\/\\\/mapasocialmt.org.br\\\/site\\\/wp-content\\\/uploads\\\/2025\\\/10\\\/Povos-Ciganos.jpg\",\"contentUrl\":\"https:\\\/\\\/mapasocialmt.org.br\\\/site\\\/wp-content\\\/uploads\\\/2025\\\/10\\\/Povos-Ciganos.jpg\",\"width\":735,\"height\":686},{\"@type\":\"BreadcrumbList\",\"@id\":\"https:\\\/\\\/mapasocialmt.org.br\\\/site\\\/povos-ciganos\\\/#breadcrumb\",\"itemListElement\":[{\"@type\":\"ListItem\",\"position\":1,\"name\":\"In\u00edcio\",\"item\":\"https:\\\/\\\/mapasocialmt.org.br\\\/site\\\/\"},{\"@type\":\"ListItem\",\"position\":2,\"name\":\"Povos Ciganos &#8211; Mapa Social MT\"}]},{\"@type\":\"WebSite\",\"@id\":\"https:\\\/\\\/mapasocialmt.org.br\\\/site\\\/#website\",\"url\":\"https:\\\/\\\/mapasocialmt.org.br\\\/site\\\/\",\"name\":\"Mapa Social MT\",\"description\":\"\",\"publisher\":{\"@id\":\"https:\\\/\\\/mapasocialmt.org.br\\\/site\\\/#organization\"},\"potentialAction\":[{\"@type\":\"SearchAction\",\"target\":{\"@type\":\"EntryPoint\",\"urlTemplate\":\"https:\\\/\\\/mapasocialmt.org.br\\\/site\\\/?s={search_term_string}\"},\"query-input\":{\"@type\":\"PropertyValueSpecification\",\"valueRequired\":true,\"valueName\":\"search_term_string\"}}],\"inLanguage\":\"pt-BR\"},{\"@type\":\"Organization\",\"@id\":\"https:\\\/\\\/mapasocialmt.org.br\\\/site\\\/#organization\",\"name\":\"Mapa Social MT\",\"url\":\"https:\\\/\\\/mapasocialmt.org.br\\\/site\\\/\",\"logo\":{\"@type\":\"ImageObject\",\"inLanguage\":\"pt-BR\",\"@id\":\"https:\\\/\\\/mapasocialmt.org.br\\\/site\\\/#\\\/schema\\\/logo\\\/image\\\/\",\"url\":\"https:\\\/\\\/mapasocialmt.org.br\\\/site\\\/wp-content\\\/uploads\\\/2025\\\/10\\\/MapaSocial.jpg\",\"contentUrl\":\"https:\\\/\\\/mapasocialmt.org.br\\\/site\\\/wp-content\\\/uploads\\\/2025\\\/10\\\/MapaSocial.jpg\",\"width\":512,\"height\":512,\"caption\":\"Mapa Social MT\"},\"image\":{\"@id\":\"https:\\\/\\\/mapasocialmt.org.br\\\/site\\\/#\\\/schema\\\/logo\\\/image\\\/\"}}]}<\/script>\n<!-- \/ Yoast SEO plugin. -->","yoast_head_json":{"title":"Povos Ciganos - Mapa Social MT","robots":{"index":"index","follow":"follow","max-snippet":"max-snippet:-1","max-image-preview":"max-image-preview:large","max-video-preview":"max-video-preview:-1"},"canonical":"https:\/\/mapasocialmt.org.br\/site\/povos-ciganos\/","og_locale":"pt_BR","og_type":"article","og_title":"Povos Ciganos - Mapa Social MT","og_description":"Povos Ciganos Os povos ciganos em MT, recentemente, t\u00eam fixado seus territ\u00f3rios, mas ainda identificam-se como andarilhos. Segundo o pesquisador AZEVEDO SILVA (2009), os v\u00e1rios grupos ciganos possuem diferentes conhecimentos, cosmologias, olhares, vis\u00f5es de mundo e ensinamentos milenares. A educa\u00e7\u00e3o cigana ocorre no bojo familiar e \u00e9 tecida por narrativas orais de cunho mitol\u00f3gico. Ao [&hellip;]","og_url":"https:\/\/mapasocialmt.org.br\/site\/povos-ciganos\/","og_site_name":"Mapa Social MT","article_modified_time":"2025-11-18T21:08:14+00:00","og_image":[{"url":"https:\/\/mapasocialmt.org.br\/site\/wp-content\/uploads\/2025\/10\/Povos-Ciganos.jpg","type":"","width":"","height":""}],"twitter_card":"summary_large_image","twitter_misc":{"Est. tempo de leitura":"2 minutos"},"schema":{"@context":"https:\/\/schema.org","@graph":[{"@type":"WebPage","@id":"https:\/\/mapasocialmt.org.br\/site\/povos-ciganos\/","url":"https:\/\/mapasocialmt.org.br\/site\/povos-ciganos\/","name":"Povos Ciganos - Mapa Social MT","isPartOf":{"@id":"https:\/\/mapasocialmt.org.br\/site\/#website"},"primaryImageOfPage":{"@id":"https:\/\/mapasocialmt.org.br\/site\/povos-ciganos\/#primaryimage"},"image":{"@id":"https:\/\/mapasocialmt.org.br\/site\/povos-ciganos\/#primaryimage"},"thumbnailUrl":"https:\/\/mapasocialmt.org.br\/site\/wp-content\/uploads\/2025\/10\/Povos-Ciganos.jpg","datePublished":"2025-10-07T20:21:57+00:00","dateModified":"2025-11-18T21:08:14+00:00","breadcrumb":{"@id":"https:\/\/mapasocialmt.org.br\/site\/povos-ciganos\/#breadcrumb"},"inLanguage":"pt-BR","potentialAction":[{"@type":"ReadAction","target":["https:\/\/mapasocialmt.org.br\/site\/povos-ciganos\/"]}]},{"@type":"ImageObject","inLanguage":"pt-BR","@id":"https:\/\/mapasocialmt.org.br\/site\/povos-ciganos\/#primaryimage","url":"https:\/\/mapasocialmt.org.br\/site\/wp-content\/uploads\/2025\/10\/Povos-Ciganos.jpg","contentUrl":"https:\/\/mapasocialmt.org.br\/site\/wp-content\/uploads\/2025\/10\/Povos-Ciganos.jpg","width":735,"height":686},{"@type":"BreadcrumbList","@id":"https:\/\/mapasocialmt.org.br\/site\/povos-ciganos\/#breadcrumb","itemListElement":[{"@type":"ListItem","position":1,"name":"In\u00edcio","item":"https:\/\/mapasocialmt.org.br\/site\/"},{"@type":"ListItem","position":2,"name":"Povos Ciganos &#8211; Mapa Social MT"}]},{"@type":"WebSite","@id":"https:\/\/mapasocialmt.org.br\/site\/#website","url":"https:\/\/mapasocialmt.org.br\/site\/","name":"Mapa Social MT","description":"","publisher":{"@id":"https:\/\/mapasocialmt.org.br\/site\/#organization"},"potentialAction":[{"@type":"SearchAction","target":{"@type":"EntryPoint","urlTemplate":"https:\/\/mapasocialmt.org.br\/site\/?s={search_term_string}"},"query-input":{"@type":"PropertyValueSpecification","valueRequired":true,"valueName":"search_term_string"}}],"inLanguage":"pt-BR"},{"@type":"Organization","@id":"https:\/\/mapasocialmt.org.br\/site\/#organization","name":"Mapa Social MT","url":"https:\/\/mapasocialmt.org.br\/site\/","logo":{"@type":"ImageObject","inLanguage":"pt-BR","@id":"https:\/\/mapasocialmt.org.br\/site\/#\/schema\/logo\/image\/","url":"https:\/\/mapasocialmt.org.br\/site\/wp-content\/uploads\/2025\/10\/MapaSocial.jpg","contentUrl":"https:\/\/mapasocialmt.org.br\/site\/wp-content\/uploads\/2025\/10\/MapaSocial.jpg","width":512,"height":512,"caption":"Mapa Social MT"},"image":{"@id":"https:\/\/mapasocialmt.org.br\/site\/#\/schema\/logo\/image\/"}}]}},"_links":{"self":[{"href":"https:\/\/mapasocialmt.org.br\/site\/wp-json\/wp\/v2\/pages\/841","targetHints":{"allow":["GET"]}}],"collection":[{"href":"https:\/\/mapasocialmt.org.br\/site\/wp-json\/wp\/v2\/pages"}],"about":[{"href":"https:\/\/mapasocialmt.org.br\/site\/wp-json\/wp\/v2\/types\/page"}],"author":[{"embeddable":true,"href":"https:\/\/mapasocialmt.org.br\/site\/wp-json\/wp\/v2\/users\/1"}],"replies":[{"embeddable":true,"href":"https:\/\/mapasocialmt.org.br\/site\/wp-json\/wp\/v2\/comments?post=841"}],"version-history":[{"count":10,"href":"https:\/\/mapasocialmt.org.br\/site\/wp-json\/wp\/v2\/pages\/841\/revisions"}],"predecessor-version":[{"id":1329,"href":"https:\/\/mapasocialmt.org.br\/site\/wp-json\/wp\/v2\/pages\/841\/revisions\/1329"}],"wp:attachment":[{"href":"https:\/\/mapasocialmt.org.br\/site\/wp-json\/wp\/v2\/media?parent=841"}],"curies":[{"name":"wp","href":"https:\/\/api.w.org\/{rel}","templated":true}]}}